{"id":225,"date":"2021-06-18T09:35:28","date_gmt":"2021-06-18T07:35:28","guid":{"rendered":"https:\/\/dantunes.eleves.mediamatique.ch\/drone_wordpress\/wordpress\/?post_type=product&#038;p=225"},"modified":"2021-06-21T11:41:05","modified_gmt":"2021-06-21T09:41:05","slug":"chemise-houser","status":"publish","type":"product","link":"https:\/\/dantunes.eleves.mediamatique.ch\/drone_wordpress\/wordpress?product=chemise-houser","title":{"rendered":"CHEMISE HOUSER"},"content":{"rendered":"<p>La chemise \u00e0 manches courtes Houser de Vans est dot\u00e9e d&rsquo;un col boutonn\u00e9 et enti\u00e8rement imprim\u00e9e.<\/p>\n","protected":false},"excerpt":{"rendered":"<p>La chemise \u00e0 manches courtes Houser de Vans est dot\u00e9e d&rsquo;un col boutonn\u00e9 et enti\u00e8rement imprim\u00e9e.<\/p>\n","protected":false},"featured_media":226,"comment_status":"open","ping_status":"closed","template":"","meta":[],"product_cat":[22],"product_tag":[],"class_list":{"0":"post-225","1":"product","2":"type-product","3":"status-publish","4":"has-post-thumbnail","6":"product_cat-non-classe","8":"first","9":"instock","10":"sale","11":"shipping-taxable","12":"purchasable","13":"product-type-simple"},"_links":{"self":[{"href":"https:\/\/dantunes.eleves.mediamatique.ch\/drone_wordpress\/wordpress\/index.php?rest_route=\/wp\/v2\/product\/225","targetHints":{"allow":["GET"]}}],"collection":[{"href":"https:\/\/dantunes.eleves.mediamatique.ch\/drone_wordpress\/wordpress\/index.php?rest_route=\/wp\/v2\/product"}],"about":[{"href":"https:\/\/dantunes.eleves.mediamatique.ch\/drone_wordpress\/wordpress\/index.php?rest_route=\/wp\/v2\/types\/product"}],"replies":[{"embeddable":true,"href":"https:\/\/dantunes.eleves.mediamatique.ch\/drone_wordpress\/wordpress\/index.php?rest_route=%2Fwp%2Fv2%2Fcomments&post=225"}],"wp:featuredmedia":[{"embeddable":true,"href":"https:\/\/dantunes.eleves.mediamatique.ch\/drone_wordpress\/wordpress\/index.php?rest_route=\/wp\/v2\/media\/226"}],"wp:attachment":[{"href":"https:\/\/dantunes.eleves.mediamatique.ch\/drone_wordpress\/wordpress\/index.php?rest_route=%2Fwp%2Fv2%2Fmedia&parent=225"}],"wp:term":[{"taxonomy":"product_cat","embeddable":true,"href":"https:\/\/dantunes.eleves.mediamatique.ch\/drone_wordpress\/wordpress\/index.php?rest_route=%2Fwp%2Fv2%2Fproduct_cat&post=225"},{"taxonomy":"product_tag","embeddable":true,"href":"https:\/\/dantunes.eleves.mediamatique.ch\/drone_wordpress\/wordpress\/index.php?rest_route=%2Fwp%2Fv2%2Fproduct_tag&post=225"}],"curies":[{"name":"wp","href":"https:\/\/api.w.org\/{rel}","templated":true}]}}