{"id":151,"date":"2021-06-16T14:33:04","date_gmt":"2021-06-16T12:33:04","guid":{"rendered":"https:\/\/dantunes.eleves.mediamatique.ch\/drone_wordpress\/wordpress\/?post_type=product&#038;p=151"},"modified":"2021-06-21T13:36:01","modified_gmt":"2021-06-21T11:36:01","slug":"chaussures-ave-pro","status":"publish","type":"product","link":"https:\/\/dantunes.eleves.mediamatique.ch\/drone_wordpress\/wordpress?product=chaussures-ave-pro","title":{"rendered":"CHAUSSURES AVE PRO"},"content":{"rendered":"<div class=\"title\">Pour Anthony Van Engelen, rien n&rsquo;est jamais assez parfait et seul l&rsquo;exceptionnel parvient (\u00e0 peine !) \u00e0 le satisfaire. Jamais il n&rsquo;aurait accept\u00e9 d&rsquo;associer son nom \u00e0 un mod\u00e8le qui ne compte pas parmi les chaussures de skate les plus sophistiqu\u00e9es et les plus techniques jamais cr\u00e9\u00e9es par notre marque. Rien d&rsquo;\u00e9tonnant donc \u00e0 ce que la conception de son nouveau mod\u00e8le embl\u00e9matique, l&rsquo;AVE Pro, se soit av\u00e9r\u00e9e particuli\u00e8rement complexe. Combinant les technologies sans coutures DURACAP et RapidWeld aux doublures int\u00e9rieures LuxLiner pour un ajustement parfait et une solidit\u00e9 optimale, l&rsquo;AVE Pro utilise notre nouvelle semelle UltimateWaffle, faisant de ce mod\u00e8le la meilleure chaussure de skate de sa cat\u00e9gorie. Elle est \u00e9galement dot\u00e9e d&rsquo;une tige RapidWeld en daim et en maille, ainsi que de la semelle ext\u00e9rieure Original Waffle Compound de Vans pour un meilleur contr\u00f4le de la planche.<\/div>\n","protected":false},"excerpt":{"rendered":"<p>Pour Anthony Van Engelen, rien n&rsquo;est jamais assez parfait et seul l&rsquo;exceptionnel parvient (\u00e0 peine !) \u00e0 le satisfaire. Jamais il n&rsquo;aurait accept\u00e9 d&rsquo;associer son nom \u00e0 un mod\u00e8le qui ne compte pas parmi les chaussures de skate les plus sophistiqu\u00e9es et les plus techniques jamais cr\u00e9\u00e9es par notre marque. Rien d&rsquo;\u00e9tonnant donc \u00e0 ce [&hellip;]<\/p>\n","protected":false},"featured_media":153,"comment_status":"open","ping_status":"closed","template":"","meta":[],"product_cat":[22],"product_tag":[],"class_list":{"0":"post-151","1":"product","2":"type-product","3":"status-publish","4":"has-post-thumbnail","6":"product_cat-non-classe","7":"pa_couleur-blanc","9":"first","10":"instock","11":"sale","12":"shipping-taxable","13":"purchasable","14":"product-type-simple"},"_links":{"self":[{"href":"https:\/\/dantunes.eleves.mediamatique.ch\/drone_wordpress\/wordpress\/index.php?rest_route=\/wp\/v2\/product\/151","targetHints":{"allow":["GET"]}}],"collection":[{"href":"https:\/\/dantunes.eleves.mediamatique.ch\/drone_wordpress\/wordpress\/index.php?rest_route=\/wp\/v2\/product"}],"about":[{"href":"https:\/\/dantunes.eleves.mediamatique.ch\/drone_wordpress\/wordpress\/index.php?rest_route=\/wp\/v2\/types\/product"}],"replies":[{"embeddable":true,"href":"https:\/\/dantunes.eleves.mediamatique.ch\/drone_wordpress\/wordpress\/index.php?rest_route=%2Fwp%2Fv2%2Fcomments&post=151"}],"wp:featuredmedia":[{"embeddable":true,"href":"https:\/\/dantunes.eleves.mediamatique.ch\/drone_wordpress\/wordpress\/index.php?rest_route=\/wp\/v2\/media\/153"}],"wp:attachment":[{"href":"https:\/\/dantunes.eleves.mediamatique.ch\/drone_wordpress\/wordpress\/index.php?rest_route=%2Fwp%2Fv2%2Fmedia&parent=151"}],"wp:term":[{"taxonomy":"product_cat","embeddable":true,"href":"https:\/\/dantunes.eleves.mediamatique.ch\/drone_wordpress\/wordpress\/index.php?rest_route=%2Fwp%2Fv2%2Fproduct_cat&post=151"},{"taxonomy":"product_tag","embeddable":true,"href":"https:\/\/dantunes.eleves.mediamatique.ch\/drone_wordpress\/wordpress\/index.php?rest_route=%2Fwp%2Fv2%2Fproduct_tag&post=151"}],"curies":[{"name":"wp","href":"https:\/\/api.w.org\/{rel}","templated":true}]}}