{"id":143,"date":"2021-06-16T14:05:41","date_gmt":"2021-06-16T12:05:41","guid":{"rendered":"https:\/\/dantunes.eleves.mediamatique.ch\/drone_wordpress\/wordpress\/?post_type=product&#038;p=143"},"modified":"2021-06-16T14:05:42","modified_gmt":"2021-06-16T12:05:42","slug":"vans-old-skool","status":"publish","type":"product","link":"https:\/\/dantunes.eleves.mediamatique.ch\/drone_wordpress\/wordpress?product=vans-old-skool","title":{"rendered":"Vans Old Skool"},"content":{"rendered":"<div class=\"FFpbKc\">\n<div class=\"ZTPlmc\"><span class=\"JLqJ4b ChMk0b\" data-language-for-alternatives=\"fr\" data-language-to-translate-into=\"de\" data-phrase-index=\"0\">La Vans Old Skool est une chaussure basse \u00e0 lacets.<\/span> <span class=\"JLqJ4b ChMk0b\" data-language-for-alternatives=\"fr\" data-language-to-translate-into=\"de\" data-phrase-index=\"1\">Ce fut le premier mod\u00e8le \u00e0 se montrer avec la l\u00e9gendaire bande lat\u00e9rale.<\/span> <span class=\"JLqJ4b ChMk0b\" data-language-for-alternatives=\"fr\" data-language-to-translate-into=\"de\" data-phrase-index=\"2\">Il a un bord rembourr\u00e9 pour plus de soutien et de flexibilit\u00e9, des embouts renforc\u00e9s qui prot\u00e8gent contre l&rsquo;usure et la semelle ext\u00e9rieure caract\u00e9ristique Vans avec un look gaufr\u00e9 pour une r\u00e9sistance au glissement.<\/span><\/div>\n<\/div>\n","protected":false},"excerpt":{"rendered":"<p>La Vans Old Skool est une chaussure basse \u00e0 lacets. Ce fut le premier mod\u00e8le \u00e0 se montrer avec la l\u00e9gendaire bande lat\u00e9rale. Il a un bord rembourr\u00e9 pour plus de soutien et de flexibilit\u00e9, des embouts renforc\u00e9s qui prot\u00e8gent contre l&rsquo;usure et la semelle ext\u00e9rieure caract\u00e9ristique Vans avec un look gaufr\u00e9 pour une r\u00e9sistance [&hellip;]<\/p>\n","protected":false},"featured_media":144,"comment_status":"open","ping_status":"closed","template":"","meta":[],"product_cat":[22],"product_tag":[],"class_list":{"0":"post-143","1":"product","2":"type-product","3":"status-publish","4":"has-post-thumbnail","6":"product_cat-non-classe","8":"first","9":"instock","10":"shipping-taxable","11":"purchasable","12":"product-type-simple"},"_links":{"self":[{"href":"https:\/\/dantunes.eleves.mediamatique.ch\/drone_wordpress\/wordpress\/index.php?rest_route=\/wp\/v2\/product\/143","targetHints":{"allow":["GET"]}}],"collection":[{"href":"https:\/\/dantunes.eleves.mediamatique.ch\/drone_wordpress\/wordpress\/index.php?rest_route=\/wp\/v2\/product"}],"about":[{"href":"https:\/\/dantunes.eleves.mediamatique.ch\/drone_wordpress\/wordpress\/index.php?rest_route=\/wp\/v2\/types\/product"}],"replies":[{"embeddable":true,"href":"https:\/\/dantunes.eleves.mediamatique.ch\/drone_wordpress\/wordpress\/index.php?rest_route=%2Fwp%2Fv2%2Fcomments&post=143"}],"wp:featuredmedia":[{"embeddable":true,"href":"https:\/\/dantunes.eleves.mediamatique.ch\/drone_wordpress\/wordpress\/index.php?rest_route=\/wp\/v2\/media\/144"}],"wp:attachment":[{"href":"https:\/\/dantunes.eleves.mediamatique.ch\/drone_wordpress\/wordpress\/index.php?rest_route=%2Fwp%2Fv2%2Fmedia&parent=143"}],"wp:term":[{"taxonomy":"product_cat","embeddable":true,"href":"https:\/\/dantunes.eleves.mediamatique.ch\/drone_wordpress\/wordpress\/index.php?rest_route=%2Fwp%2Fv2%2Fproduct_cat&post=143"},{"taxonomy":"product_tag","embeddable":true,"href":"https:\/\/dantunes.eleves.mediamatique.ch\/drone_wordpress\/wordpress\/index.php?rest_route=%2Fwp%2Fv2%2Fproduct_tag&post=143"}],"curies":[{"name":"wp","href":"https:\/\/api.w.org\/{rel}","templated":true}]}}